{"id":22,"date":"2017-11-30T17:25:31","date_gmt":"2017-11-30T16:25:31","guid":{"rendered":"http:\/\/jscourtage.fr\/?page_id=22"},"modified":"2022-05-21T11:16:34","modified_gmt":"2022-05-21T09:16:34","slug":"a-propos","status":"publish","type":"page","link":"https:\/\/jscourtage.fr\/index.php\/a-propos\/","title":{"rendered":"A propos"},"content":{"rendered":"<div id=\"pl-22\"  class=\"panel-layout\" ><div id=\"pg-22-0\"  class=\"panel-grid panel-no-style\" ><div id=\"pgc-22-0-0\"  class=\"panel-grid-cell\" ><div id=\"panel-22-0-0-0\" class=\"so-panel widget widget_media_image panel-first-child panel-last-child\" data-index=\"0\" ><figure style=\"width: 223px\" class=\"wp-caption alignnone\"><img width=\"223\" height=\"300\" src=\"https:\/\/jscourtage.fr\/wp-content\/uploads\/2018\/10\/JSCOURTAGE-1-223x300.jpg\" class=\"image wp-image-477  attachment-medium size-medium\" alt=\"jscourtage\" decoding=\"async\" loading=\"lazy\" style=\"max-width: 100%; height: auto;\" srcset=\"https:\/\/jscourtage.fr\/wp-content\/uploads\/2018\/10\/JSCOURTAGE-1-223x300.jpg 223w, https:\/\/jscourtage.fr\/wp-content\/uploads\/2018\/10\/JSCOURTAGE-1.jpg 574w\" sizes=\"(max-width: 223px) 100vw, 223px\" \/><figcaption class=\"wp-caption-text\">S\u00e9bastien JAMON<\/figcaption><\/figure><\/div><\/div><div id=\"pgc-22-0-1\"  class=\"panel-grid-cell\" ><div id=\"panel-22-0-1-0\" class=\"so-panel widget widget_sow-editor panel-first-child panel-last-child\" data-index=\"1\" ><div\n\t\t\t\n\t\t\tclass=\"so-widget-sow-editor so-widget-sow-editor-base\"\n\t\t\t\n\t\t>\n<div class=\"siteorigin-widget-tinymce textwidget\">\n\t<p>En 2010 je fonde JS COURTAGE dans le but d\u2019apporter \u00e0 mes clients mon exp\u00e9rience et mon r\u00e9seau dans les domaines bancaires et d\u2019assurance.<\/p>\n<p>Plus qu\u2019un courtier, ma strat\u00e9gie se base sur\u00a0:<\/p>\n<p>\u00b0 <strong>un seul et unique interlocuteur<\/strong><\/p>\n<p>\u00b0 la <strong>transparence<\/strong>\u00a0: montage du dossier financier r\u00e9alis\u00e9 avec le client<\/p>\n<p>\u00b0 la garantie de trouver rapidement <strong>la solution de financement la plus ad\u00e9quate<\/strong><\/p>\n<p>\u00b0 une <strong>parfaite connaissance du march\u00e9<\/strong>\u00a0: assurances de pr\u00eats, taux, garanties, mensualit\u00e9s, dur\u00e9es, couts du cr\u00e9dit, frais de dossier, partenaires bancaires.<\/p>\n<p>\u00a0<\/p>\n<p>Le cr\u00e9dit aux particuliers, le cr\u00e9dit professionnel et le rachat de cr\u00e9dits font partie du c\u0153ur de m\u00e9tier de JS Courtage.<\/p>\n<p>\u00a0<\/p>\n<h5 style=\"text-align: center;\"><a href=\"http:\/\/jscourtage.fr\/index.php\/contact\/\">N'h\u00e9sitez pas \u00e0 nous contacter !<\/a><\/h5>\n<\/div>\n<\/div><\/div><\/div><\/div><\/div>","protected":false},"excerpt":{"rendered":"<p>En 2010 je fonde JS COURTAGE dans le but d\u2019apporter \u00e0 mes clients mon exp\u00e9rience et mon r\u00e9seau dans les domaines bancaires et d\u2019assurance. Plus qu\u2019un courtier, ma strat\u00e9gie se base sur\u00a0: \u00b0 un seul et unique interlocuteur \u00b0 la transparence\u00a0: montage du dossier financier r\u00e9alis\u00e9 avec le client \u00b0 la garantie de trouver rapidement&#8230;<\/p>\n","protected":false},"author":1,"featured_media":0,"parent":0,"menu_order":0,"comment_status":"closed","ping_status":"closed","template":"","meta":{"_kad_post_transparent":"","_kad_post_title":"","_kad_post_layout":"","_kad_post_sidebar_id":"","_kad_post_content_style":"","_kad_post_vertical_padding":"","_kad_post_feature":"","_kad_post_feature_position":"","_kad_post_header":false,"_kad_post_footer":false},"_links":{"self":[{"href":"https:\/\/jscourtage.fr\/index.php\/wp-json\/wp\/v2\/pages\/22"}],"collection":[{"href":"https:\/\/jscourtage.fr\/index.php\/wp-json\/wp\/v2\/pages"}],"about":[{"href":"https:\/\/jscourtage.fr\/index.php\/wp-json\/wp\/v2\/types\/page"}],"author":[{"embeddable":true,"href":"https:\/\/jscourtage.fr\/index.php\/wp-json\/wp\/v2\/users\/1"}],"replies":[{"embeddable":true,"href":"https:\/\/jscourtage.fr\/index.php\/wp-json\/wp\/v2\/comments?post=22"}],"version-history":[{"count":68,"href":"https:\/\/jscourtage.fr\/index.php\/wp-json\/wp\/v2\/pages\/22\/revisions"}],"predecessor-version":[{"id":505,"href":"https:\/\/jscourtage.fr\/index.php\/wp-json\/wp\/v2\/pages\/22\/revisions\/505"}],"wp:attachment":[{"href":"https:\/\/jscourtage.fr\/index.php\/wp-json\/wp\/v2\/media?parent=22"}],"curies":[{"name":"wp","href":"https:\/\/api.w.org\/{rel}","templated":true}]}}