{"id":2,"date":"2017-11-30T13:36:24","date_gmt":"2017-11-30T12:36:24","guid":{"rendered":"http:\/\/jscourtage.fr\/?page_id=2"},"modified":"2018-02-19T10:26:49","modified_gmt":"2018-02-19T09:26:49","slug":"page-d-exemple","status":"publish","type":"page","link":"https:\/\/jscourtage.fr\/","title":{"rendered":"A quoi sert un courtier ?"},"content":{"rendered":"<div id=\"pl-2\"  class=\"panel-layout\" ><div id=\"pg-2-0\"  class=\"panel-grid panel-no-style\" ><div id=\"pgc-2-0-0\"  class=\"panel-grid-cell\" ><div id=\"panel-2-0-0-0\" class=\"so-panel widget widget_sow-editor panel-first-child panel-last-child\" data-index=\"0\" ><div\n\t\t\t\n\t\t\tclass=\"so-widget-sow-editor so-widget-sow-editor-base\"\n\t\t\t\n\t\t><h3 class=\"widget-title\">B\u00e9n\u00e9ficier de l\u2019expertise de JS COURTAGE et comparez les offres des banques en un seul rendez-vous !<\/h3>\n<div class=\"siteorigin-widget-tinymce textwidget\">\n\t<p>\u00a0<\/p>\n<p><span style=\"color: #333333;\">En collaboration avec tous nos partenaires bancaires, nous obtenons pour vous les meilleures conditions de cr\u00e9dit et d\u2019assurance pour vous aider \u00e0 r\u00e9aliser vos projets immobiliers : <strong>r\u00e9sidence principale, r\u00e9sidence secondaire ou locative, d\u00e9fiscalisation, rachat de cr\u00e9dits, regroupement de cr\u00e9dits, investissement professionnel<\/strong>\u2026<\/span><\/p>\n<p><span style=\"color: #333333;\"><strong>JS COURTAGE <\/strong>n\u00e9gocie pour vous les conditions les plus avantageuses pour votre emprunt : taux, assurance, garantie, modulation des \u00e9ch\u00e9ances\u2026<\/span><\/p>\n<h4><span style=\"color: #333333;\"><strong>Notre m\u00e9tier<\/strong><\/span><\/h4>\n<p><span style=\"color: #333333;\">Pourquoi passer par un courtier ? La crise a naturellement amen\u00e9 les banques \u00e0 \u00ab durcir \u00bb leurs conditions d\u2019accord de pr\u00eat. La pr\u00e9sentation d\u2019un dossier compte pour beaucoup dans la prise de d\u00e9cision. Le courtier en pr\u00eat est non seulement un professionnel de la finance, mais il est aussi en contact avec le syst\u00e8me bancaire au quotidien et donc au fait des \u00e9volutions de la profession.<\/span><\/p>\n<p><span style=\"color: #333333;\">Notre r\u00f4le est d\u2019\u00e9tudier votre situation, de prendre en compte vos exigences mais aussi vos contraintes pour vous proposer, et ensuite sugg\u00e9rer aux banques, le meilleur montage pour le financement de votre projet. Nous sommes aussi en mesure de vous informer sur les \u00e9volutions de la l\u00e9gislation et sur vos droits en mati\u00e8re de financement (pr\u00eat \u00e0 taux z\u00e9ro, par exemple).<\/span><\/p>\n<p><span style=\"color: #333333;\">Le co\u00fbt de nos honoraires est inclus dans le montage de votre dossier : ils font partie du co\u00fbt global de votre cr\u00e9dit. La loi MURCEF vous prot\u00e8ge : <strong>nos honoraires ne sont dus que si nous trouvons et mettons effectivement en place une solution de financement.<\/strong><\/span><\/p>\n<p><span style=\"color: #333333;\"><strong>\u00a0<\/strong><\/span><\/p>\n<h4><span style=\"color: #333333;\"><strong>Nos atouts<\/strong><\/span><\/h4>\n<p><span style=\"color: #333333;\"><strong>1 \u2013 Les meilleures conditions du march\u00e9<\/strong><\/span><\/p>\n<p><span style=\"color: #333333;\">JS COURTAGE, en raison de son volume de dossiers, n\u00e9gocie des conditions tarifaires qu\u2019un particulier seul ne pourrait obtenir.<\/span><\/p>\n<p><span style=\"color: #333333;\"><strong>2 \u2013 Le gain de temps<\/strong><\/span><\/p>\n<p><span style=\"color: #333333;\">Le JS COURTAGE a une excellente connaissance de ses partenaires ainsi que des produits disponibles sur le march\u00e9. Un particulier passerait plusieurs semaines \u00e0 faire le tour des banques et tout autant pour comparer les diff\u00e9rentes propositions pour en retirer la meilleure. JS COURTAGE, c\u2019est un dossier unique pour l\u2019ensemble des partenaires bancaire.<\/span><\/p>\n<p><span style=\"color: #333333;\"><strong>3 \u2013 L\u2019optimisation des chances<\/strong><\/span><\/p>\n<p><span style=\"color: #333333;\">JS COURTAGE sait pr\u00e9parer et pr\u00e9senter un dossier dans les meilleures conditions et trouver les bons arguments pour le soutenir. Le savoir-faire de JS COURTAGE est d\u00e9terminant dans l\u2019issue de certains financements difficiles.<\/span><\/p>\n<p><span style=\"color: #333333;\"><strong>4 \u2013 L\u2019optimisation des montages <\/strong><\/span><\/p>\n<p><span style=\"color: #333333;\">JS COURTAGE invite les candidats acqu\u00e9reurs \u00e0 \u00e9tudier leurs possibilit\u00e9s d\u2019emprunt. JS COURTAGE a la connaissance des pr\u00eats aid\u00e9s, des assurances et des produits bancaires, ce qui lui permet d\u2019optimiser les dossiers pour r\u00e9duire la dur\u00e9e des pr\u00eats, le montant des mensualit\u00e9s ou augmenter l\u2019enveloppe de financement.<\/span><\/p>\n<p><span style=\"color: #333333;\"><strong>5 \u2013 L\u2019ind\u00e9pendance<\/strong><\/span><\/p>\n<p><span style=\"color: #333333;\">Fonctionnellement, JS COURTAGE n\u2019est pas attach\u00e9 \u00e0 une banque. JS COURTAGE se doit d\u2019\u00eatre au service de son client, et sait ainsi donner les conseils les plus neutres et les plus b\u00e9n\u00e9fiques.<\/span><\/p>\n<p><span style=\"color: #333333;\"><strong>6 \u2013 L\u2019efficacit\u00e9<\/strong><\/span><\/p>\n<p><span style=\"color: #333333;\">Etre face \u00e0 un banquier est une confrontation usante et longue. JS COURTAGE a plus de poids qu\u2019un client face \u00e0 la banque. Les banques s\u2019engagent \u00e9galement \u00e0 r\u00e9pondre rapidement \u00e0 un conseiller de JS COURTAGE.<\/span><\/p>\n<p><span style=\"color: #333333;\"><strong>7 \u2013 La simplicit\u00e9<\/strong><\/span><\/p>\n<p><span style=\"color: #333333;\">JS COURTAGE se charge de l\u2019int\u00e9gralit\u00e9 des d\u00e9marches et accompagne son client jusqu\u2019\u00e0 la signature notaire.<\/span><\/p>\n<\/div>\n<\/div><\/div><\/div><\/div><\/div>","protected":false},"excerpt":{"rendered":"<p>\u00a0 En collaboration avec tous nos partenaires bancaires, nous obtenons pour vous les meilleures conditions de cr\u00e9dit et d\u2019assurance pour vous aider \u00e0 r\u00e9aliser vos projets immobiliers : r\u00e9sidence principale, r\u00e9sidence secondaire ou locative, d\u00e9fiscalisation, rachat de cr\u00e9dits, regroupement de cr\u00e9dits, investissement professionnel\u2026 JS COURTAGE n\u00e9gocie pour vous les conditions les plus avantageuses pour votre&#8230;<\/p>\n","protected":false},"author":1,"featured_media":0,"parent":0,"menu_order":0,"comment_status":"closed","ping_status":"open","template":"","meta":{"_kad_post_transparent":"","_kad_post_title":"","_kad_post_layout":"","_kad_post_sidebar_id":"","_kad_post_content_style":"","_kad_post_vertical_padding":"","_kad_post_feature":"","_kad_post_feature_position":"","_kad_post_header":false,"_kad_post_footer":false},"_links":{"self":[{"href":"https:\/\/jscourtage.fr\/index.php\/wp-json\/wp\/v2\/pages\/2"}],"collection":[{"href":"https:\/\/jscourtage.fr\/index.php\/wp-json\/wp\/v2\/pages"}],"about":[{"href":"https:\/\/jscourtage.fr\/index.php\/wp-json\/wp\/v2\/types\/page"}],"author":[{"embeddable":true,"href":"https:\/\/jscourtage.fr\/index.php\/wp-json\/wp\/v2\/users\/1"}],"replies":[{"embeddable":true,"href":"https:\/\/jscourtage.fr\/index.php\/wp-json\/wp\/v2\/comments?post=2"}],"version-history":[{"count":81,"href":"https:\/\/jscourtage.fr\/index.php\/wp-json\/wp\/v2\/pages\/2\/revisions"}],"predecessor-version":[{"id":89,"href":"https:\/\/jscourtage.fr\/index.php\/wp-json\/wp\/v2\/pages\/2\/revisions\/89"}],"wp:attachment":[{"href":"https:\/\/jscourtage.fr\/index.php\/wp-json\/wp\/v2\/media?parent=2"}],"curies":[{"name":"wp","href":"https:\/\/api.w.org\/{rel}","templated":true}]}}